 remainder when 1333 is divided by 373?
214
What is the remainder when 1341292 is divided by 393?
376
What is the remainder when 388191 is divided by 14?
13
Calculate the remainder when 21530 is divided by 1130.
60
Calculate the remainder when 21325 is divided by 248.
245
What is the remainder when 724714 is divided by 572?
562
Calculate the remainder when 68371 is divided by 2531.
34
What is the remainder when 20381 is divided by 1562?
75
What is the remainder when 584 is divided by 187?
23
What is the remainder when 11686 is divided by 37?
31
What is the remainder when 22227 is divided by 11?
7
Calculate the remainder when 1298 is divided by 440.
418
What is the remainder when 46883 is divided by 415?
403
What is the remainder when 4151 is divided by 237?
122
What is the remainder when 1161 is divided by 9?
0
What is the remainder when 51842 is divided by 175?
42
Calculate the remainder when 44919 is divided by 40.
39
Calculate the remainder when 3402 is divided by 198.
36
What is the remainder when 67372 is divided by 135?
7
What is the remainder when 1053 is divided by 520?
13
What is the remainder when 42050 is divided by 158?
22
Calculate the remainder when 2702716 is divided by 41.
37
What is the remainder when 1710 is divided by 37?
8
Calculate the remainder when 1693 is divided by 77.
76
Calculate the remainder when 2027995 is divided by 160.
155
What is the remainder when 114116 is divided by 77?
2
What is the remainder when 2174 is divided by 1073?
28
Calculate the remainder when 45590 is divided by 22777.
36
Calculate the remainder when 152748 is divided by 125.
123
What is the remainder when 2731 is divided by 464?
411
Calculate the remainder when 415869 is divided by 103965.
9
What is the remainder when 11538 is divided by 235?
23
Calculate the remainder when 1619 is divided by 21.
2
Calculate the remainder when 5880 is divided by 613.
363
Calculate the remainder when 5967 is divided by 1977.
36
What is the remainder when 5464 is divided by 238?
228
Calculate the remainder when 198069 is divided by 21.
18
What is the remainder when 984 is divided by 15?
9
Calculate the remainder when 1705 is divided by 1642.
63
What is the remainder when 23778 is divided by 66?
18
What is the remainder when 27181 is divided by 1087?
6
What is the remainder when 20707 is divided by 79?
9
Calculate the remainder when 958867 is divided by 230.
227
Calculate the remainder when 17596 is divided by 217.
19
What is the remainder when 44664 is divided by 14880?
24
What is the remainder when 2045 is divided by 293?
287
Calculate the remainder when 29822 is divided by 7356.
398
Calculate the remainder when 40947 is divided by 13646.
9
Calculate the remainder when 1521 is divided by 102.
93
What is the remainder when 741 is divided by 90?
21
What is the remainder when 8871 is divided by 13?
5
Calculate the remainder when 4274 is divided by 1442.
1390
What is the remainder when 5812 is divided by 61?
17
What is the remainder when 151415 is divided by 11645?
30
What is the remainder when 15660 is divided by 7826?
8
What is the remainder when 6776364 is divided by 13?
10
What is the remainder when 2460 is divided by 117?
3
Calculate the remainder when 369501 is divided by 120.
21
Calculate the remainder when 26239 is divided by 533.
122
Calculate the remainder when 166822 is divided by 100.
22
What is the remainder when 15657 is divided by 69?
63
What is the remainder when 26797 is divided by 134?
131
What is the remainder when 1802 is divided by 306?
272
Calculate the remainder when 4069 is divided by 459.
397
Calculate the remainder when 6713 is divided by 9.
8
Calculate the remainder when 698 is divided by 641.
57
What is the remainder when 1669 is divided by 679?
311
Calculate the remainder when 1685 is divided by 413.
33
What is the remainder when 54242 is divided by 5421?
32
Calculate the remainder when 209963 is divided by 48.
11
What is the remainder when 1216 is divided by 483?
250
Calculate the remainder when 8693 is divided by 6.
5
What is the remainder when 3364 is divided by 1109?
37
Calculate the remainder when 205080 is divided by 205070.
10
Calculate the remainder when 92802 is divided by 901.
900
Calculate the remainder when 1189 is divided by 386.
31
Calculate the remainder when 54051 is divided by 66.
63
What is the remainder when 96264 is divided by 917?
896
Calculate the remainder when 136083 is divided by 1389.
1350
What is the remainder when 3229 is divided by 30?
19
What is the remainder when 655 is divided by 61?
45
Calculate the remainder when 2612 is divided by 1017.
578
What is the remainder when 6342 is divided by 92?
86
Calculate the remainder when 9581 is divided by 54.
23
What is the remainder when 9354 is divided by 6?
0
Calculate the remainder when 5528 is divided by 900.
128
Calculate the remainder when 95661 is divided by 1621.
22
What is the remainder when 4661 is divided by 46?
15
Calculate the remainder when 1183 is divided by 123.
76
Calculate the remainder when 1257693 is divided by 71.
70
Calculate the remainder when 2751 is divided by 762.
465
Calculate the remainder when 637264 is divided by 1826.
1816
What is the remainder when 8269658 is divided by 123?
122
Calculate the remainder when 4168 is divided by 877.
660
Calculate the remainder when 2559 is divided by 60.
39
What is the remainder when 248724 is divided by 33?
3
Calculate the remainder when 251870 is divided by 417.
2
Calculate the remainder when 977 is divided by 481.
15
Calculate the remainder when 18790 is divided by 179.
174
What is the remainder when 1006361 is divided by 334?
19
Calculate the remainder when 595762 is divided by 201.
199
Calculate the remainder when 384928 is divided by 26.
24
What is the remainder when 26515 is divided by 149?
142
Calculate the remainder when 1762 is divided by 219.
10
What is the remainder when 16775 is divided by 18?
17
What is the remainder when 345461 is divided by 78?
77
Calculate the remainder when 71671 is divided by 71669.
2
What is the remainder when 14762 is divided by 46?
42
Calculate the remainder when 3078 is divided by 88.
86
Calculate the remainder when 3144 is divided by 253.
108
What is the remainder when 21863 is divided by 77?
72
What is the remainder when 1394 is divided by 609?
176
What is the remainder when 23021 is divided by 25?
21
Calculate the remainder when 2754 is divided by 464.
434
What is the remainder when 344391 is divided by 18?
15
Calculate the remainder when 3656 is divided by 652.
396
What is the remainder when 7526 is divided by 156?
38
Calculate the remainder when 4233 is divided by 323.
34
Calculate the remainder when 24966 is divided by 24960.
6
What is the remainder when 50883 is divided by 148?
119
What is the remainder when 101 is divided by 28?
17
Calculate the remainder when 570564 is divided by 9.
0
What is the remainder when 38973 is divided by 9732?
45
Calculate the remainder when 209496 is divided by 419.
415
Calculate the remainder when 2500 is divided by 37.
21
Calculate the remainder when 187304 is divided by 39.
26
Calculate the remainder when 64318 is divided by 19.
3
Calculate the remainder when 2171763 is divided by 27.
18
What is the remainder when 1419 is divided by 342?
51
Calculate the remainder when 63879 is divided by 221.
10
What is the remainder when 34824 is divided by 256?
8
Calculate the remainder when 86427 is divided by 134.
131
Calculate the remainder when 107098 is divided by 84.
82
Calculate the remainder when 1012 is divided by 13.
11
Calculate the remainder when 202654 is divided by 156.
10
What is the remainder when 339510 is divided by 56585?
0
What is the remainder when 8998 is divided by 7550?
1448
What is the remainder when 14075 is divided by 217?
187
What is the remainder when 15616 is divided by 41?
36
Calculate the remainder when 8937 is divided by 472.
441
Calculate the remainder when 7776292 is divided by 647.
646
What is the remainder when 65081 is divided by 30?
11
What is the remainder when 38720 is divided by 4834?
48
What is the remainder when 5382 is divided by 128?
6
What is the remainder when 11898 is divided by 233?
15
What is the remainder when 11640 is divided by 284?
280
What is the remainder when 931 is divided by 1